late the highest common divisor of g and 4.
2
Let k = -48 - -50. Suppose k*i = 3*f - f + 322, -f = i - 163. What is the greatest common factor of 18 and i?
18
Let i(r) = -265*r**2 + 3*r - 2. Let t be i(1). Let b = t + 330. Calculate the highest common divisor of 1254 and b.
66
Suppose 43*c - 1570 = 5654. Suppose -4*k - 2*a + 194 = 0, -4*k - 3*a - 2*a = -185. Suppose -55 - k = -5*q. What is the highest common factor of c and q?
21
Suppose h = -3*b + 71 - 11, 64 = 4*b - 4*h. Suppose 20*j - 241 = b. Let a be (-3 - -54) + (2 - 1). What is the highest common divisor of a and j?
13
Let v = -7 - -12. Suppose -99 = -u - 2*p, -3*u - 5*p = -4*u + 120. Suppose 5*r = 8*r - u. Calculate the greatest common factor of r and v.
5
Suppose 7282 - 1315 = 27*x. What is the highest common divisor of x and 13?
13
Suppose -3*l + j = -152, j + 87 = -l + 135. What is the highest common divisor of l and 1510?
10
Let s(h) = -h**3 + h**2 - 14. Let i be s(-6). Calculate the greatest common factor of 938 and i.
14
Suppose -20*d + 24*d - 3532 = 8868. Calculate the greatest common factor of 124 and d.
124
Let t be (-1305)/(-30)*4 - (-11 - -2). What is the highest common factor of t and 18849?
183
Let f(i) = 1726*i + 2. Let d be f(-2). Let k be (-96)/120*(d/(-4))/(-3). Let z be (-4)/12 + k/15. What is the highest common divisor of 5 and z?
5
Let m be (3 - 0)*(-8)/(-6). Let o(s) = -s**3 - 6*s**2 + 2*s + 17. Suppose -8*w + 41 = 97. Let i be o(w). Calculate the highest common divisor of m and i.
4
Let x(w) = -w**3 + 19*w**2 - 12*w - 51. Let z be x(18). Let g(m) = 4*m - 47. Let i be g(17). Calculate the highest common divisor of z and i.
3
Let m be -7 + 9 - (-116 - 3). Let q = -104 + m. Calculate the greatest common factor of 17 and q.
17
Let l be 1*7992*(-88)/(-264). What is the highest common factor of l and 16?
8
Suppose 17*g + 40 = 142. Let l = 127 + g. Calculate the highest common factor of 19 and l.
19
Let n = 225 - 33. Suppose -5*o - 1550 = -5*v, 2*v + o - 276 = 332. Let d = -178 + v. Calculate the greatest common factor of d and n.
64
Let l = -110 + 126. Suppose 20 = -6*g + l*g. Suppose v + 60 = g*v + 4*u, -u - 40 = -v. What is the highest common factor of 396 and v?
44
Let q be -2*(2 - 0) + 42. Suppose -28*x + q*x - 80 = 0. What is the greatest common divisor of 2 and x?
2
Let u be 49/(-392)*(-5 + -139). Suppose -h - 486 = -3*h. Calculate the greatest common factor of u and h.
9
Let a = -6533 + 6659. Calculate the greatest common divisor of 462 and a.
42
Suppose -5*l = q - 58, -2*l = -3*l - 5*q + 2. Let d(v) = -2*v**3 - 58*v**2 + 4*v + 128. Let j be d(-29). What is the highest common divisor of l and j?
12
Let b(l) = 8*l**2 + 6*l - 2. Let m be b(-5). Suppose 5*g = -a - 3*a + 108, -5*g - 81 = -3*a. Let z = a + -3. What is the highest common divisor of z and m?
24
Let t(k) = k**2 + 36*k - 15. Let u be t(25). What is the highest common factor of u and 20?
10
Let t = -86 + 156. Let y be (22/(-5) + 5)*5. Suppose 4*i + y*x + 21 - 98 = 0, -2*x = i - 18. What is the greatest common divisor of i and t?
10
Suppose -21*z + 12420 + 4319 + 61 = 0. Calculate the highest common divisor of z and 1450.
50
Let u(v) = v**3 - 6*v**2 - 3*v - 86. Let r be u(8). Let b = r - 17. Calculate the greatest common factor of b and 1.
1
Suppose -50*v + 951 = -10749. What is the greatest common divisor of v and 195?
39
Suppose 4*c - 20 = -4*j, -2*j = -4*j. Suppose -2*k = -2*z + 3*z - 20, k + c*z = 10. Let n be 6/((-33)/(-5) - 6). What is the greatest common factor of n and k?
10
Let u = 0 + 16. Suppose -892 = 6*x - 3388. Let b be 13376/x - 4/26. What is the greatest common factor of b and u?
16
Let s = -3462 + 3526. Calculate the greatest common divisor of s and 352.
32
Suppose -k + 5*g - 35 = -2*k, 4 = g. Let t(s) = -s**2 + 485*s - 6780. Let h be t(15). Calculate the highest common divisor of h and k.
15
Let q = -24 - -26. Suppose -21 = -31*h + 10*h. Let p be -5 + h + 4 + q*13. Calculate the highest common divisor of 104 and p.
26
Let l = -163 + 103. Let u be (1/2)/((-3)/l). Let y be 12 - (-1 + -1) - (3 + 1). Calculate the greatest common divisor of u and y.
10
Suppose -2*p = -7*p - 10050. Let z be p/(4 - 10) + -3. What is the highest common factor of 83 and z?
83
Let m(q) = -23*q - 153. Let b = 61 - 68. Let i be m(b). Let k(d) = 3*d + 2. Let p be k(6). What is the highest common factor of i and p?
4
Let o be ((-5 + -1)/3)/(-10) - (-13221)/195. Let r(t) = 11*t**3 - t - 1. Let d be r(2). What is the greatest common factor of o and d?
17
Suppose -a - 19281 = -y, 4*y - 7*y + 57839 = -2*a. What is the greatest common divisor of y and 37?
37
Let b(k) = 2*k**3 - 5*k**2 + 17*k - 18. Let g be b(2). What is the greatest common factor of g and 20544?
12
Suppose -29*p = 6979 - 30266. Calculate the highest common factor of 11 and p.
11
Let c be 39/7 - 144/252. Suppose 4*d = -o + 6 + 30, c*o = -2*d + 36. Calculate the highest common divisor of 72 and d.
8
Suppose -17*h + 2*j = -12*h - 1683, -1695 = -5*h + 5*j. What is the greatest common factor of h and 2479?
67
Let q be (1 + 7)*119/14. Suppose 198*y + 526 = 4*o + 200*y, 2*o - y - 281 = 0. What is the greatest common divisor of o and q?
68
Let y be 6 + (-31)/4 + (-3)/12. Let f be 1/y + (16452/8)/9. What is the greatest common factor of f and 76?
76
Let n(h) = 2*h**3 + 14*h**2 - h + 11. Let d be n(-7). Suppose 0 = -d*m + 15*m + 60. What is the highest common factor of m and 220?
20
Let d be (-578)/(-595)*581*(-10)/(-4). What is the greatest common divisor of 51 and d?
17
Suppose -2*u + 7*u - 40 = 0. Suppose 1350 = -3*i + u*i. Suppose -4*b - 5*z + i = b, 0 = b - z - 50. What is the highest common divisor of b and 13?
13
Let s = 104 + -104. Suppose 5*o = 5*d - 575, s*d = 2*d - o - 232. Suppose -c - 16 + 71 = 5*x, 3*c + 3*x = d. What is the greatest common factor of c and 14?
7
Suppose -8*b + 32*b - 811 = 1205. Calculate the greatest common divisor of b and 816.
12
Let x(v) = v**3 + 16*v**2 - 195*v - 3. Let y be x(-23). Calculate the greatest common factor of 133 and y.
19
Let d = -3 - -6. Suppose 5*s + i = 84, 26 = d*s - 4*i - 6. Suppose 0 = 415*n - 521*n + 424. Calculate the greatest common divisor of n and s.
4
Let c be ((-272)/340)/((-2)/2840). What is the greatest common divisor of 71 and c?
71
Let r = 46 - 26. Let y = 99 + r. What is the highest common factor of y and 21?
7
Let w(f) = 35*f**3 + 9*f**2 - 16*f + 64. Let g be w(8). Calculate the greatest common factor of g and 144.
144
Let m = -118 - -122. Let k(c) = c**2 - 11*c + 42. Let d be k(m). Calculate the greatest common divisor of 14 and d.
14
Let l(w) = -8814*w - 202274. Let i be l(-23). Suppose -5*z + 6 = -34. Calculate the highest common factor of i and z.
8
Let n be (-8)/32*160/8 - -1157. Calculate the greatest common divisor of n and 36.
36
Let i(h) be the second derivative of -2*h**3/3 - 9*h**2/2 + 2*h. Let r be i(-6). Suppose -7678 = -340*w - 878. Calculate the highest common factor of r and w.
5
Let o(z) = 87*z + 1. Let a be o(2). Let r be (30/2)/((-792)/77 - 77/(-7)). Calculate the greatest common factor of r and a.
7
Let l = -285 + 289. Let o = 107 + l. What is the greatest common divisor of o and 148?
37
Suppose -2*r = -4*p + 238, r + 0*r + 235 = 4*p. Let l be (-6)/10 + ((-4056)/(-60) - 9). What is the highest common factor of l and p?
58
Suppose 15 = 14*u - 41. Suppose x = 22*g - 26*g + 67, -302 = -u*x + g. What is the greatest common divisor of x and 15?
15
Let f = -8588 - -8630. Let j(m) = -3*m - 4 - 3*m - 2*m. Let t be j(-4). What is the highest common factor of f and t?
14
Suppose 13*o - 16*o - 3*l = -183, -92 = -2*o + 4*l. Suppose 83*g - o*g - 1215 = 0. What is the greatest common factor of 15 and g?
15
Suppose 103*g - 105*g + 2002 = 2*x, 2014 = 2*x - 4*g. Calculate the greatest common divisor of x and 413.
59
Let u = 2547 - 2409. Calculate the highest common factor of u and 207.
69
Suppose -2*v = 5*s - 35, 0 = -2*v + 4*s + 3 + 77. Let b(d) = -d - 1. Let u be b(-5). Suppose -u*y + 150 = -3*y. What is the greatest common divisor of v and y?
30
Suppose -18*p + 23646 + 11634 = 0. What is the highest common factor of p and 40?
40
Suppose 0 = -6481*j + 6530*j - 588. Calculate the greatest common factor of j and 19644.
12
Suppose -67 - 137 = -3*l. Suppose -2*k - 1030 = 5*g, -34*k - 4*g - 257